9
What are the prime factors of 1833543685?
5, 103, 307, 11597
List the prime factors of 196556582.
2, 79, 1244029
List the prime factors of 7613577.
3, 41, 47, 439
What are the prime factors of 3154826?
2, 17, 92789
List the prime factors of 1916456227.
7, 273779461
What are the prime factors of 38555631?
3, 107, 40037
List the prime factors of 56707123.
11, 5155193
List the prime factors of 277944188.
2, 97, 716351
What are the prime factors of 3454168064?
2, 149, 22639
What are the prime factors of 262592596?
2, 7, 9378307
List the prime factors of 669917442.
2, 3, 111652907
What are the prime factors of 5694969269?
11, 1693, 305803
List the prime factors of 1032241909.
23, 5843, 7681
List the prime factors of 6591666206.
2, 3295833103
What are the prime factors of 213831333?
3, 307, 8599
List the prime factors of 138818106.
2, 3, 7, 89, 12379
What are the prime factors of 976717300?
2, 5, 13, 751321
What are the prime factors of 217204199?
449, 483751
What are the prime factors of 4697388246?
2, 3, 782898041
What are the prime factors of 4651291725?
3, 5, 23, 43, 73, 859
List the prime factors of 344054947.
344054947
What are the prime factors of 60487167?
3, 13, 47, 32999
What are the prime factors of 5215928667?
3, 21601, 80489
List the prime factors of 5611777.
313, 17929
What are the prime factors of 73012414?
2, 233, 156679
List the prime factors of 418434160.
2, 5, 5230427
What are the prime factors of 45929712?
2, 3, 23, 41603
List the prime factors of 492704511.
3, 13, 12633449
What are the prime factors of 109991086?
2, 67, 193, 4253
List the prime factors of 35480815.
5, 7096163
What are the prime factors of 1317913017?
3, 19, 23121281
List the prime factors of 90912704.
2, 1420511
List the prime factors of 16688096.
2, 521503
What are the prime factors of 456349822?
2, 31, 53, 113, 1229
What are the prime factors of 5189603?
19, 71, 3847
List the prime factors of 138179073.
3, 46059691
What are the prime factors of 85054216?
2, 13, 29, 28201
What are the prime factors of 1669658249?
7, 2609, 91423
What are the prime factors of 145620159?
3, 167, 290659
What are the prime factors of 124413669?
3, 13823741
What are the prime factors of 65743468?
2, 7, 2347981
What are the prime factors of 55540557?
3, 311, 19843
What are the prime factors of 5170429612?
2, 31, 691, 60343
What are the prime factors of 2548754132?
2, 2999, 212467
List the prime factors of 46257456.
2, 3, 7, 31, 4441
What are the prime factors of 155949058?
2, 17, 4586737
List the prime factors of 963677351.
7, 13, 17, 311, 2003
What are the prime factors of 1918037?
11, 174367
List the prime factors of 2434684893.
3, 811561631
What are the prime factors of 48054928?
2, 3003433
What are the prime factors of 4936100569?
17, 53, 257, 21317
List the prime factors of 1260807045.
3, 5, 29, 31, 93497
List the prime factors of 210859014.
2, 3, 43, 47, 17389
What are the prime factors of 162308050?
2, 5, 859, 3779
What are the prime factors of 928878254?
2, 127, 157, 23293
What are the prime factors of 158972916?
2, 3, 17, 509, 1531
What are the prime factors of 5601591?
3, 622399
What are the prime factors of 719000691?
3, 239666897
List the prime factors of 165302506.
2, 1699, 48647
What are the prime factors of 8089872983?
43, 71, 2649811
List the prime factors of 63406534.
2, 19, 1668593
List the prime factors of 200990442.
2, 3, 33498407
List the prime factors of 42325948.
2, 7, 61, 24781
What are the prime factors of 3122761373?
83, 37623631
List the prime factors of 2215323493.
43, 51519151
List the prime factors of 140869216.
2, 863, 5101
List the prime factors of 57849090.
2, 3, 5, 13, 148331
What are the prime factors of 163145652?
2, 3, 13595471
List the prime factors of 706668397.
73, 439, 22051
What are the prime factors of 333095072?
2, 113, 251, 367
List the prime factors of 27673152.
2, 3, 13, 11087
What are the prime factors of 30004014?
2, 3, 17, 294157
List the prime factors of 29350975.
5, 109, 10771
List the prime factors of 2194729092.
2, 3, 23, 2650639
What are the prime factors of 4955269?
11, 450479
What are the prime factors of 962323670?
2, 5, 7, 11, 461, 2711
List the prime factors of 1748350338.
2, 3, 7, 31, 293, 4583
List the prime factors of 2406218815.
5, 7, 11, 13, 47, 53, 193
List the prime factors of 6684586414.
2, 11, 43, 97, 751
What are the prime factors of 9656163?
3, 11, 8867
What are the prime factors of 113621034?
2, 3, 1787, 10597
List the prime factors of 139283475.
3, 5, 1857113
What are the prime factors of 1624620478?
2, 13, 199, 313997
What are the prime factors of 2542853400?
2, 3, 5, 29, 146141
What are the prime factors of 96626568?
2, 3, 4026107
What are the prime factors of 21954123?
3, 17, 43, 47, 71
List the prime factors of 610228329.
3, 203409443
List the prime factors of 897573573.
3, 13, 7671569
List the prime factors of 52667714.
2, 11, 2393987
List the prime factors of 1101896475.
3, 5, 229, 64157
List the prime factors of 275581634.
2, 137790817
What are the prime factors of 31268801?
31, 191, 5281
List the prime factors of 24919328.
2, 7, 53, 2099
List the prime factors of 2708145064.
2, 6211, 54503
What are the prime factors of 1740433949?
557, 3124657
List the prime factors of 20272524.
2, 3, 1689377
What are the prime factors of 8080951?
8080951
What are the prime factors of 4563917386?
2, 7, 325994099
List the prime factors of 2113804300.
2, 5, 53, 109, 3659
List the prime factors of 3915865851.
3, 23, 56751679
List the prime factors of 133009659.
3, 59, 250489
List the prime factors of 2332452759.
3, 7, 13, 157, 54419
What are the prime factors of 30094316?
2, 7, 587, 1831
What are the prime factors of 193209848?
2, 13, 617, 3011
What are the prime factors of 176608526?
2, 3499, 25237
List the prime factors of 99721356.
2, 3, 7, 1187159
What are the prime factors of 17100383?
59, 289837
What are the prime factors of 4603930120?
2, 5, 47, 179, 13681
List the prime factors of 2187372988.
2, 1423, 384289
List the prime factors of 56917246.
2, 28458623
What are the prime factors of 219113108?
2, 109, 502553
What are the prime factors of 71169311?
71169311
What are the prime factors of 4858460066?
2, 41, 59249513
List the prime factors of 884614050.
2, 3, 5, 331, 5939
List the prime factors of 30006775.
5, 421, 2851
What are the prime factors of 51356829?
3, 19, 900997
What are the prime factors of 72662181?
3, 71, 89, 3833
What are the prime factors of 422157132?
2, 3, 31, 378277
What are the prime factors of 126087599?
11, 997, 11497
What are the prime factors of 33019200?
2, 3, 5, 2293
List the prime factors of 50262070.
2, 5, 5026207
What are the prime factors of 1338307347?
3, 13, 34315573
What are the prime factors of 487137001?
13, 613, 61129
List the prime factors of 139468.
2, 7, 17, 293
List the prime factors of 53769314.
2, 31, 223, 3889
What are the prime factors of 2529221944?
2, 316152743
What are the prime factors of 362017842?
2, 3, 37, 137, 11903
List the prime factors of 759121974.
2, 3, 13, 257, 971
What are the prime factors of 73090142?
2, 36545071
List the prime factors of 387207212.
2, 7, 282221
List the prime factors of 1239615435.
3, 5, 17, 4861237
List the prime factors of 85378402.
2, 31, 1377071
List the prime factors of 737275496.
2, 431, 213827
List the prime factors of 3617044.
2, 904261
What are the prime factors of 432689465?
5, 13, 337, 19753
List the prime factors of 22191203.
1163, 19081
List the prime factors of 320653194.
2, 3, 53442199
List the prime factors of 569184558.
2, 3, 19, 179, 27893
List the prime factors of 14141403.
3, 1571267
What are the prime factors of 96888187?
11, 53, 166189
What are the prime factors of 2844481548?
2, 3, 17, 47, 241, 1231
What are the prime factors of 27873204?
2, 3, 2322767
List the prime factors of 82825480.
2, 5, 173, 11969
List the prime factors of 1682802535.
5, 863, 389989
List the prime factors of 30448494.
2, 3, 97, 5813
List the prime factors of 17615121.
3, 5871707
What are the prime factors of 99036427?
7, 14148061
List the prime factors of 455996700.
2, 3, 5, 506663
What are the prime factors of 170071883?
170071883
What are the prime factors of 127937408?
2, 23, 43457
What are the prime factors of 6294694?
2, 7, 449621
Wh